e remainder when 294 is divided by o?
26
Let r be (-387)/(-3)*(-12)/(-9). Calculate the remainder when 25/75 - 3/((-18)/r) is divided by 25.
4
Let i = -155 - -47. Let o = -84 - i. Suppose -4*m = 5*a - 19, -o = -2*m - 2*m - 4*a. What is the remainder when 40 is divided by m?
7
Suppose -3*m + 129 = -15*n + 16*n, 2*n - 48 = -m. Calculate the remainder when m is divided by 18.
6
Let w(z) be the first derivative of 21*z**4/4 - z**3/3 + 7*z**2 - 13*z - 56. Calculate the remainder when 207 is divided by w(1).
18
Let d = 22705 - 22446. What is the remainder when 560 is divided by d?
42
Suppose -237*y = 7578 - 12714 - 11454. Calculate the remainder when 2446 is divided by y.
66
Let z = -5 - -7. Suppose -4*a = -4*o + 224, -z*o + a = 5*a - 118. Suppose -3*s + o = t, -2*s + 35 = 3*t + 4. What is the remainder when 78 is divided by s?
18
Suppose -3*y - 3248 = -7*y - 2*x, -2*x - 812 = -y. Suppose -810*b - 58 = -y*b. Let w(p) = -41*p + 2. What is the remainder when w(-2) is divided by b?
26
Suppose -32 = -2*m - 4*d, 3*m + 75*d - 78*d - 12 = 0. Calculate the remainder when 133 is divided by m.
5
Let y(a) = 84*a + 14215. What is the remainder when y(-66) is divided by 2881?
28
Suppose -10*u = -1144 + 304. What is the remainder when u is divided by 38?
8
Let a(j) = -62 + 4 + 182*j - 344*j + 237*j. What is the remainder when a(4) is divided by 49?
46
Let d(p) = 1387*p + 11534. Calculate the remainder when d(-5) is divided by 10.
9
Let g = 3233 - 403. What is the remainder when g is divided by 13?
9
Suppose 4*q = -3*l + 35, 1 = 4*q + l - 32. Suppose -2*s = -q*s + 276. Suppose -3*n + s = -n. Calculate the remainder when 66 is divided by n.
20
Let s(x) = -x**3 + 25*x**2 - 40*x + 57. Let y = 258 + -235. What is the remainder when s(y) is divided by 9?
6
Let i = 99 - 128. Let h(k) = -11*k - 269. What is the remainder when 198 is divided by h(i)?
48
Suppose 4*n + 96 = 2*m, -5*m + 268 = 5*n + 28. What is the remainder when -2*(-86)/4*2 is divided by m?
38
Let x(k) = -3586*k**3 + 39*k + 40. Calculate the remainder when x(-1) is divided by 26.
25
Let f be (-5 - (-171)/27)/((-2)/(-516)). Let g = f - 26. Calculate the remainder when g is divided by 40.
38
What is the remainder when 112215/45 - (-5)/(-3) is divided by 37?
13
Let l = -224 - -240. Calculate the remainder when 3/15*5*237/3 is divided by l.
15
Let s(p) = -p**3 + 5*p**2 - 11. Let r be s(4). Suppose 0*c - r*c = 5*a - 5, 3*a = 3. Suppose c = 4*g + g - 565. What is the remainder when g is divided by 19?
18
Let z be (-6)/14 - (-110)/(-77)*-8. What is the remainder when (5 - 1 - 55/z) + 237 is divided by 61?
53
Calculate the remainder when 1458 is divided by 84 - (-15 - (0 - 0)).
72
Suppose -s + 0*s + 5 = 0. Suppose -s*w = -3*h - 10, h + 5*w = 2*h + 10. Suppose h = 17*y - 10*y - 182. Calculate the remainder when 76 is divided by y.
24
Suppose 2*g - 3045 = 4005 + 2800. What is the remainder when g is divided by 224?
221
Let p = -2070 + 2708. What is the remainder when p is divided by 115?
63
Let u(d) be the second derivative of 0 + 19/6*d**3 - 37/2*d**2 + 2*d - 1/12*d**4. Calculate the remainder when 68 is divided by u(15).
22
Suppose 42*v - 24043 = -5*j + 40*v, 4*v = -3*j + 14437. Calculate the remainder when j is divided by 37.
34
Let o = 0 + -2. Suppose -10*u = -402 - 168. What is the remainder when u is divided by (-2*2)/(o/5)?
7
Let u = 270 + -171. Let r = u + -46. What is the remainder when r is divided by 7?
4
Let h = 4 + 71. Let g(x) = -x**3 - 60*x**2 - 61*x - 93. Calculate the remainder when h is divided by g(-59).
0
Suppose 3*i - 5*o = 2160, 0 = 4*i + 3*i - 3*o - 5066. Calculate the remainder when i is divided by 10.
5
Suppose 7*q + 700 = -441. Let k = q + 284. Calculate the remainder when k is divided by 42.
37
Let b(d) = 460*d - 28451. Calculate the remainder when b(62) is divided by 0/(-2) + 2*7.
13
Calculate the remainder when 0 - (164/(-5))/(1/25*5) is divided by 141.
23
Suppose -4*g + g = 3*l - 939, 2*g - 2*l - 642 = 0. Let p = -313 + g. What is the remainder when 167 is divided by p?
3
Suppose 5*u + 34 = 5*w - 21, -3*u = -5*w + 51. Suppose 8 - 6 = f. What is the remainder when (213/(-6))/((-1)/f) is divided by w?
8
Suppose 44*t + 179*t + 83*t = 59364. Calculate the remainder when 541 is divided by t.
153
Suppose -10 = -2*f - 2*r, 3*r = 2*f + 2*r - 13. Calculate the remainder when 138/10 - (14/(-35))/2 is divided by ((-70)/15)/((-4)/f).
0
Let s(a) be the third derivative of -a**6/120 + 17*a**5/60 + 17*a**4/12 + 107*a**3/6 + a**2 - 17*a. Calculate the remainder when 109 is divided by s(19).
16
Suppose 8228 = 140*b - 30552. What is the remainder when b is divided by 33?
13
Let w(r) = 3*r + 17. Let b be w(-3). Suppose -9*m + b*m = -43. Let h = -165 + 180. What is the remainder when m is divided by h?
13
Let b(k) = -k**3 - 4*k**2 - 10*k - 27. Let r(l) = -12*l - 12. Let d be r(-9). Suppose 5*z - d = 3*z. Calculate the remainder when z is divided by b(-4).
9
Let b = -15638 - -15807. Calculate the remainder when 268 is divided by b.
99
Suppose -30*v + 3020 - 1400 = 0. Suppose -4*w - w = -70. Calculate the remainder when v is divided by w + (-2 - -2)/3.
12
Let a = -2526 + 2607. Calculate the remainder when a is divided by 14.
11
Let w = 2342 - 2231. Calculate the remainder when w is divided by 34.
9
Let c = 8421 - 8394. Calculate the remainder when 1553 is divided by c.
14
Let n(g) = 8*g + 18. Let w be n(-2). Suppose -3*c + c + 132 = -w*y, 4*c = 2*y + 272. Calculate the remainder when 276 is divided by c.
66
Let a(t) = -38*t**2 - 423*t - 11. Calculate the remainder when a(-10) is divided by 69.
5
Suppose 0 = -3753*v + 3761*v - 6600. What is the remainder when v is divided by 59?
58
Let y(b) = -711*b - 653. Calculate the remainder when 74 is divided by y(-1).
16
Suppose 2*o - 3*o = 2. Suppose -1461*n - 30 = -1463*n. What is the remainder when 119*(2 - o - 3) is divided by n?
14
Let x(u) = -u**3 - 5*u**2 - 1. Suppose -442*o = -631*o + 9261. Calculate the remainder when x(-7) is divided by o.
48
Suppose 0*g - 2*g + 36 = 0. Let q be -4 + 3 + 4 - -167. Let t = q + -135. What is the remainder when t is divided by g?
17
Suppose -5*j = 74 - 14. Suppose 0 = 3*f - 436 + 343. Calculate the remainder when f is divided by 50/4 + 18/j.
9
Suppose 15 = c + 4*c. What is the remainder when c is divided by 3/1*(1 - ((-24)/(-9) - 2))?
0
Let v(j) = -j**3 - 59*j**2 - 685*j - 10. Calculate the remainder when v(-12) is divided by 469.
35
Let n(f) = -90*f**2 - 186*f - 8. Calculate the remainder when (-3)/(-2)*(-16)/(-3) is divided by n(-2).
0
Let y = -57 - -5. Let g = 100 - y. Calculate the remainder when g is divided by 2/(((-3773)/(-1302) - 3) + 3/18).
28
Let k be ((-18)/12)/(6/(-332)). Let r = k + -53. What is the remainder when 16 is divided by ((-160)/r)/((-2)/3)?
0
Let m be 28/10 + 3/15. Suppose 4*n = -m*q + 19, -5*q + 25 = 5*n - 5. Calculate the remainder when 33/12 - 2 - ((-131 - -131) + 258/(-8)) is divided by q.
3
Suppose -51*n = -53*n + 114. Calculate the remainder when n - 0 - (4 - 5 - 3) is divided by 27.
7
Suppose 4*j - 2*l - 1988 = 0, -5*j - 4*l + 75 = -2397. Calculate the remainder when j is divided by 27.
10
Let y(m) = 3*m**3 + 28*m**2 + 3*m + 4. Calculate the remainder when y(-9) is divided by 36.
22
Let i = -3108 + 4016. What is the remainder when i is divided by 11?
6
Suppose -8*u = 5*p - 8613, -24*u = -25*u - 5*p + 1046. What is the remainder when u is divided by 273?
262
Suppose 11*y - 3558 = 10*y + 4*o, -y - 5*o + 3576 = 0. What is the remainder when y is divided by 123?
122
Let r be (2 - 1)/(35/9275). Let n = -249 + r. What is the remainder when 47 is divided by n?
15
Suppose -t - 22 - 29 = 0. Let q = 133 + t. Let s(j) = -25*j - 1954. Calculate the remainder when q is divided by s(-79).
19
Let j = 447 + -792. Let c = j - -361. Calculate the remainder when c is divided by 15.
1
Suppose 7 = 2*h - 1. Let j(k) = -4*k**2 - k + 3. Let s(l) = 7*l**2 + 2*l - 5. Let t(i) = 5*j(i) + 3*s(i). What is the remainder when h is divided by t(1)?
0
Suppose -2*u - 5*m + 527 = 0, 244*m + 10 = 246*m. What is the remainder when u is divided by 14?
13
Suppose -138*f = -137*f + 3*v - 30, 4*f = -2*v + 100. Let w = 261 + -146. Calculate the remainder when w is divided by f.
19
Suppose -3*v + 727 + 642 = -5*c, 4*c = -8. What is the 